09941
List the prime factors of 21475848.
2, 3, 373, 2399
List the prime factors of 2814611.
139, 20249
What are the prime factors of 326138?
2, 179, 911
What are the prime factors of 23533?
101, 233
What are the prime factors of 1779202?
2, 349, 2549
What are the prime factors of 726263?
389, 1867
List the prime factors of 59341.
59341
What are the prime factors of 343181?
113, 3037
What are the prime factors of 43174?
2, 21587
List the prime factors of 4650763.
13, 19, 991
What are the prime factors of 95717?
95717
What are the prime factors of 15249327?
3, 1499, 3391
What are the prime factors of 163985?
5, 32797
What are the prime factors of 194824?
2, 7, 71
What are the prime factors of 618934?
2, 53, 5839
List the prime factors of 3153940.
2, 5, 31, 5087
What are the prime factors of 3775951?
1091, 3461
What are the prime factors of 17108?
2, 7, 13, 47
List the prime factors of 2159259.
3, 719753
What are the prime factors of 10265077?
10265077
List the prime factors of 20947.
20947
What are the prime factors of 568091?
568091
List the prime factors of 3838451.
31, 123821
What are the prime factors of 1342953?
3, 49739
What are the prime factors of 25111170?
2, 3, 5, 7, 23, 1733
What are the prime factors of 14769750?
2, 3, 5, 47, 419
What are the prime factors of 139509?
3, 5167
What are the prime factors of 363750?
2, 3, 5, 97
List the prime factors of 885466.
2, 442733
List the prime factors of 2716807.
29, 93683
What are the prime factors of 788841?
3, 87649
List the prime factors of 29000194.
2, 19, 23, 33181
List the prime factors of 430131.
3, 13, 41, 269
List the prime factors of 2809729.
13, 216133
What are the prime factors of 624477?
3, 7, 131, 227
What are the prime factors of 283137?
3, 94379
What are the prime factors of 981619?
101, 9719
What are the prime factors of 9030699?
3, 1003411
List the prime factors of 29627713.
37, 397, 2017
What are the prime factors of 5412312?
2, 3, 25057
What are the prime factors of 25972405?
5, 23, 449, 503
List the prime factors of 1462536.
2, 3, 37, 61
What are the prime factors of 221758?
2, 110879
What are the prime factors of 940068?
2, 3, 26113
What are the prime factors of 612762?
2, 3, 73, 1399
List the prime factors of 10792346.
2, 5396173
What are the prime factors of 366119?
13, 28163
List the prime factors of 3693967.
251, 14717
List the prime factors of 2367523.
2367523
List the prime factors of 1501851.
3, 13, 97, 397
What are the prime factors of 427827?
3, 142609
List the prime factors of 593298.
2, 3, 10987
What are the prime factors of 256209?
3, 41, 2083
What are the prime factors of 104905?
5, 20981
List the prime factors of 12255011.
17, 263, 2741
List the prime factors of 2863762.
2, 11, 130171
List the prime factors of 662456.
2, 17, 4871
List the prime factors of 488061.
3, 7, 61, 127
List the prime factors of 2517279.
3, 251, 3343
List the prime factors of 18196036.
2, 23, 97, 2039
What are the prime factors of 62423?
62423
List the prime factors of 13023668.
2, 7, 29, 43, 373
What are the prime factors of 43469?
17, 2557
What are the prime factors of 217499?
217499
List the prime factors of 1480759.
7, 199, 1063
List the prime factors of 753433.
73, 10321
What are the prime factors of 8594194?
2, 7, 19, 32309
What are the prime factors of 22869?
3, 7, 11
What are the prime factors of 933851?
933851
List the prime factors of 7888681.
233, 33857
List the prime factors of 4428451.
41, 108011
What are the prime factors of 134723?
199, 677
List the prime factors of 4112470.
2, 5, 17, 1423
What are the prime factors of 9945709?
9945709
What are the prime factors of 9258059?
179, 51721
What are the prime factors of 47591?
47591
What are the prime factors of 992599?
37, 139, 193
What are the prime factors of 30612756?
2, 3, 2551063
List the prime factors of 15967743.
3, 11, 17, 28463
List the prime factors of 29362298.
2, 7, 17, 107, 1153
List the prime factors of 1031211.
3, 29, 439
What are the prime factors of 93171?
3, 13, 2389
What are the prime factors of 1519205?
5, 17, 61, 293
List the prime factors of 339745.
5, 7, 17, 571
List the prime factors of 21555771.
3, 43, 167099
What are the prime factors of 21194450?
2, 5, 61, 6949
What are the prime factors of 265892?
2, 11, 6043
List the prime factors of 44074.
2, 22037
What are the prime factors of 21772328?
2, 19, 143239
What are the prime factors of 806359?
61, 13219
List the prime factors of 1341129.
3, 59, 7577
List the prime factors of 1765833.
3, 227, 2593
List the prime factors of 237061.
11, 23, 937
What are the prime factors of 2273285?
5, 7, 64951
List the prime factors of 333315.
3, 5, 823
List the prime factors of 8508034.
2, 47, 90511
List the prime factors of 2475762.
2, 3, 412627
List the prime factors of 655222.
2, 197, 1663
What are the prime factors of 14318406?
2, 3, 795467
What are the prime factors of 1829378?
2, 29, 31541
What are the prime factors of 7648322?
2, 11, 347651
What are the prime factors of 193498?
2, 96749
List the prime factors of 1726832.
2, 107927
List the prime factors of 96422.
2, 37, 1303
List the prime factors of 584756.
2, 29, 71
What are the prime factors of 777866?
2, 388933
What are the prime factors of 415205?
5, 7, 11863
What are the prime factors of 201451?
201451
What are the prime factors of 308782?
2, 61, 2531
List the prime factors of 196420.
2, 5, 7, 23, 61
List the prime factors of 220509.
3, 8167
What are the prime factors of 12598158?
2, 3, 23, 91291
List the prime factors of 306291.
3, 23, 193
What are the prime factors of 846970?
2, 5, 84697
List the prime factors of 37242614.
2, 17, 647, 1693
What are the prime factors of 955286?
2, 67, 7129
What are the prime factors of 3325790?
2, 5, 13, 25583
What are the prime factors of 2591022?
2, 3, 7, 1259
List the prime factors of 15902311.
1367, 11633
What are the prime factors of 6291401?
1279, 4919
List the prime factors of 2760422.
2, 7, 37, 73
What are the prime factors of 134906?
2, 67453
List the prime factors of 30752.
2, 31
List the prime factors of 2191791.
3, 7, 29, 59, 61
List the prime factors of 4047448.
2, 23, 21997
List the prime factors of 3425154.
2, 3, 570859
What are the prime factors of 692180?
2, 5, 53, 653
List the prime factors of 124951.
124951
List the prime factors of 999816.
2, 3, 41659
What are the prime factors of 2726367?
3, 7, 19, 6833
What are the prime factors of 1916298?
2, 3, 3943
List the prime factors of 926879.
926879
List the prime factors of 13477446.
2, 3, 751, 997
List the prime factors of 916851.
3, 13, 23509
List the prime factors of 15209.
67, 227
List the prime factors of 403087.
17, 131, 181
What are the prime factors of 130117?
13, 10009
What are the prime factors of 9096381?
3, 7, 61, 263
What are the prime factors of 175724?
2, 197, 223
List the prime factors of 10436810.
2, 5, 17, 29, 73
List the prime factors of 21661.
21661
List the prime factors of 13990263.
3, 7, 666203
List the prime factors of 29040676.
2, 7, 31, 33457
What are the prime factors of 430319?
430319
List the prime factors of 122930.
2, 5, 19, 647
What are the prime factors of 1092045?
3, 5, 47, 1549
What are the prime factors of 10148912?
2, 634307
What are the prime factors of 726275?
5, 11, 19, 139
What are the prime factors of 673181?
47, 14323
List the prime factors of 1354750.
2, 5, 5419
List the prime factors of 2162960.
2, 5, 19, 1423
List the prime factors of 2180589.
3, 89, 8167
What are the prime factors of 20875340?
2, 5, 1043767
What are the prime factors of 6993890?
2, 5, 127, 5507
List the prime factors of 370612.
2, 11, 8423
List the prime factors of 1906173.
3, 101, 233
List the prime factors of 641089.
641089
List the prime factors of 21062038.
2, 599, 17581
List the prime factors of 383330.
2, 5, 38333
List the prime factors of 3095918.
2, 7, 4513
What are the prime factors of 1707?
3, 569
What are the prime factors of 792390?
2, 3, 5, 61, 433
What are the prime factors of 1419663?
3, 7, 67, 1009
What are the prime factors of 132209?
7, 11, 17, 101
What are the prime factors of 1157496?
2, 3, 17, 2837
What are the prime factors of 956531?
263, 3637
List the prime factors of 227280.
2, 3, 5, 947
What are the prime factors of 5770024?
2, 13, 109, 509
List the prime factors